{"id":260,"date":"2022-03-22T21:44:33","date_gmt":"2022-03-22T21:44:33","guid":{"rendered":"https:\/\/batimetria.com.co\/?page_id=260"},"modified":"2022-05-04T13:43:35","modified_gmt":"2022-05-04T13:43:35","slug":"captura-de-imagenes-de-intensidad","status":"publish","type":"page","link":"https:\/\/batimetria.com.co\/index.php\/captura-de-imagenes-de-intensidad\/","title":{"rendered":"Captura de im\u00e1genes de intensidad"},"content":{"rendered":"<style>.elementor-260 .elementor-element.elementor-element-54140d2d:not(.elementor-motion-effects-element-type-background), .elementor-260 .elementor-element.elementor-element-54140d2d > .elementor-motion-effects-container > .elementor-motion-effects-layer{background-image:url(\"https:\/\/batimetria.com.co\/wp-content\/uploads\/2022\/03\/56-scaled.jpg\");background-position:0px 28%;background-repeat:no-repeat;background-size:cover;}.elementor-260 .elementor-element.elementor-element-54140d2d > .elementor-background-overlay{background-color:#181C28;opacity:0.9;transition:background 0.3s, border-radius 0.3s, opacity 0.3s;}.elementor-260 .elementor-element.elementor-element-54140d2d > .elementor-container{max-width:1170px;}.elementor-260 .elementor-element.elementor-element-54140d2d{transition:background 0.3s, border 0.3s, border-radius 0.3s, box-shadow 0.3s;padding:200px 0px 140px 0px;z-index:0;overflow:visible;}.elementor-260 .elementor-element.elementor-element-4983594e{text-align:center;}.elementor-260 .elementor-element.elementor-element-4983594e .elementor-heading-title{font-family:var( --e-global-typography-secondary-font-family ), Sans-serif;font-size:var( --e-global-typography-secondary-font-size );font-weight:var( --e-global-typography-secondary-font-weight );text-transform:var( --e-global-typography-secondary-text-transform );line-height:var( --e-global-typography-secondary-line-height );color:#FFFFFF;}.elementor-260 .elementor-element.elementor-element-4b52f5c > .elementor-widget-container{margin:-5px 0px 0px 0px;}.elementor-260 .elementor-element.elementor-element-4b52f5c .elementor-icon-list-items:not(.elementor-inline-items) .elementor-icon-list-item:not(:last-child){padding-block-end:calc(5px\/2);}.elementor-260 .elementor-element.elementor-element-4b52f5c .elementor-icon-list-items:not(.elementor-inline-items) .elementor-icon-list-item:not(:first-child){margin-block-start:calc(5px\/2);}.elementor-260 .elementor-element.elementor-element-4b52f5c .elementor-icon-list-items.elementor-inline-items .elementor-icon-list-item{margin-inline:calc(5px\/2);}.elementor-260 .elementor-element.elementor-element-4b52f5c .elementor-icon-list-items.elementor-inline-items{margin-inline:calc(-5px\/2);}.elementor-260 .elementor-element.elementor-element-4b52f5c .elementor-icon-list-items.elementor-inline-items .elementor-icon-list-item:after{inset-inline-end:calc(-5px\/2);}.elementor-260 .elementor-element.elementor-element-4b52f5c .elementor-icon-list-icon i{color:var( --e-global-color-accent );transition:color 0.3s;}.elementor-260 .elementor-element.elementor-element-4b52f5c .elementor-icon-list-icon svg{fill:var( --e-global-color-accent );transition:fill 0.3s;}.elementor-260 .elementor-element.elementor-element-4b52f5c{--e-icon-list-icon-size:14px;--icon-vertical-offset:0px;}.elementor-260 .elementor-element.elementor-element-4b52f5c .elementor-icon-list-item > .elementor-icon-list-text, .elementor-260 .elementor-element.elementor-element-4b52f5c .elementor-icon-list-item > a{font-family:var( --e-global-typography-text-font-family ), Sans-serif;font-size:var( --e-global-typography-text-font-size );font-weight:var( --e-global-typography-text-font-weight );text-transform:var( --e-global-typography-text-text-transform );line-height:var( --e-global-typography-text-line-height );}.elementor-260 .elementor-element.elementor-element-4b52f5c .elementor-icon-list-text{color:#FFFFFF;transition:color 0.3s;}.elementor-260 .elementor-element.elementor-element-1c86ac4a{padding:100px 0px 40px 0px;overflow:visible;}.elementor-260 .elementor-element.elementor-element-60f090e0 > .elementor-container > .elementor-column > .elementor-widget-wrap{align-content:center;align-items:center;}.elementor-260 .elementor-element.elementor-element-60f090e0{overflow:visible;}.elementor-260 .elementor-element.elementor-element-1aeef184 > .elementor-element-populated{margin:0px 20px 0px 0px;--e-column-margin-right:20px;--e-column-margin-left:0px;}.elementor-260 .elementor-element.elementor-element-243d5bd img{width:53%;}.elementor-260 .elementor-element.elementor-element-724f5eb > .elementor-widget-container{margin:-14px 0px -26px 0px;}.elementor-260 .elementor-element.elementor-element-724f5eb{text-align:center;font-size:12px;font-style:italic;color:#000000;}.elementor-260 .elementor-element.elementor-element-3e136eca > .elementor-element-populated{padding:0px 0px 0px 40px;}.elementor-260 .elementor-element.elementor-element-3b00e1a4 .elementor-heading-title{font-family:var( --e-global-typography-274f2d8-font-family ), Sans-serif;font-size:var( --e-global-typography-274f2d8-font-size );font-weight:var( --e-global-typography-274f2d8-font-weight );text-transform:var( --e-global-typography-274f2d8-text-transform );line-height:var( --e-global-typography-274f2d8-line-height );color:var( --e-global-color-primary );}.elementor-260 .elementor-element.elementor-element-12b2c535{text-align:justify;font-family:var( --e-global-typography-text-font-family ), Sans-serif;font-size:var( --e-global-typography-text-font-size );font-weight:var( --e-global-typography-text-font-weight );text-transform:var( --e-global-typography-text-text-transform );line-height:var( --e-global-typography-text-line-height );color:var( --e-global-color-text );}.elementor-260 .elementor-element.elementor-element-1ff55173 > .elementor-container > .elementor-column > .elementor-widget-wrap{align-content:center;align-items:center;}.elementor-260 .elementor-element.elementor-element-1ff55173{margin-top:60px;margin-bottom:0px;overflow:visible;}.elementor-260 .elementor-element.elementor-element-5b5b0a92 > .elementor-element-populated{padding:0px 40px 0px 0px;}.elementor-260 .elementor-element.elementor-element-496f0b03{text-align:justify;font-family:var( --e-global-typography-text-font-family ), Sans-serif;font-size:var( --e-global-typography-text-font-size );font-weight:var( --e-global-typography-text-font-weight );text-transform:var( --e-global-typography-text-text-transform );line-height:var( --e-global-typography-text-line-height );color:var( --e-global-color-text );}.elementor-260 .elementor-element.elementor-element-7117338e > .elementor-element-populated{margin:0px 20px 0px 0px;--e-column-margin-right:20px;--e-column-margin-left:0px;}.elementor-260 .elementor-element.elementor-element-bb82844 > .elementor-widget-container{margin:-14px 0px -26px 0px;}.elementor-260 .elementor-element.elementor-element-bb82844{text-align:center;font-size:12px;font-style:italic;color:#000000;}@media(max-width:1024px){.elementor-260 .elementor-element.elementor-element-54140d2d:not(.elementor-motion-effects-element-type-background), .elementor-260 .elementor-element.elementor-element-54140d2d > .elementor-motion-effects-container > .elementor-motion-effects-layer{background-position:center center;}.elementor-260 .elementor-element.elementor-element-54140d2d{margin-top:0px;margin-bottom:0px;padding:210px 0px 140px 0px;}.elementor-260 .elementor-element.elementor-element-4983594e .elementor-heading-title{font-size:var( --e-global-typography-secondary-font-size );line-height:var( --e-global-typography-secondary-line-height );}.elementor-260 .elementor-element.elementor-element-4b52f5c .elementor-icon-list-item > .elementor-icon-list-text, .elementor-260 .elementor-element.elementor-element-4b52f5c .elementor-icon-list-item > a{font-size:var( --e-global-typography-text-font-size );line-height:var( --e-global-typography-text-line-height );}.elementor-260 .elementor-element.elementor-element-1c86ac4a{padding:80px 10px 80px 10px;}.elementor-260 .elementor-element.elementor-element-1aeef184 > .elementor-element-populated{margin:0px 0px 0px 0px;--e-column-margin-right:0px;--e-column-margin-left:0px;}.elementor-260 .elementor-element.elementor-element-3e136eca > .elementor-element-populated{margin:40px 0px 0px 0px;--e-column-margin-right:0px;--e-column-margin-left:0px;padding:0px 0px 0px 0px;}.elementor-260 .elementor-element.elementor-element-3b00e1a4 .elementor-heading-title{font-size:var( --e-global-typography-274f2d8-font-size );line-height:var( --e-global-typography-274f2d8-line-height );}.elementor-260 .elementor-element.elementor-element-12b2c535{font-size:var( --e-global-typography-text-font-size );line-height:var( --e-global-typography-text-line-height );}.elementor-260 .elementor-element.elementor-element-5b5b0a92 > .elementor-element-populated{margin:40px 0px 0px 0px;--e-column-margin-right:0px;--e-column-margin-left:0px;padding:0px 0px 0px 0px;}.elementor-260 .elementor-element.elementor-element-496f0b03{font-size:var( --e-global-typography-text-font-size );line-height:var( --e-global-typography-text-line-height );}.elementor-260 .elementor-element.elementor-element-7117338e > .elementor-element-populated{margin:0px 0px 0px 0px;--e-column-margin-right:0px;--e-column-margin-left:0px;}}@media(max-width:767px){.elementor-260 .elementor-element.elementor-element-54140d2d{margin-top:0px;margin-bottom:0px;padding:152px 10px 30px 10px;}.elementor-260 .elementor-element.elementor-element-4983594e .elementor-heading-title{font-size:var( --e-global-typography-secondary-font-size );line-height:var( --e-global-typography-secondary-line-height );}.elementor-260 .elementor-element.elementor-element-4b52f5c .elementor-icon-list-item > .elementor-icon-list-text, .elementor-260 .elementor-element.elementor-element-4b52f5c .elementor-icon-list-item > a{font-size:var( --e-global-typography-text-font-size );line-height:var( --e-global-typography-text-line-height );}.elementor-260 .elementor-element.elementor-element-1c86ac4a{padding:40px 10px 40px 10px;}.elementor-260 .elementor-element.elementor-element-1aeef184 > .elementor-element-populated{margin:0px 0px 0px 0px;--e-column-margin-right:0px;--e-column-margin-left:0px;}.elementor-260 .elementor-element.elementor-element-243d5bd img{width:80%;}.elementor-260 .elementor-element.elementor-element-3b00e1a4 .elementor-heading-title{font-size:var( --e-global-typography-274f2d8-font-size );line-height:var( --e-global-typography-274f2d8-line-height );}.elementor-260 .elementor-element.elementor-element-12b2c535{text-align:justify;font-size:var( --e-global-typography-text-font-size );line-height:var( --e-global-typography-text-line-height );}.elementor-260 .elementor-element.elementor-element-1ff55173{margin-top:0px;margin-bottom:0px;}.elementor-260 .elementor-element.elementor-element-496f0b03{text-align:justify;font-size:var( --e-global-typography-text-font-size );line-height:var( --e-global-typography-text-line-height );}.elementor-260 .elementor-element.elementor-element-7117338e > .elementor-element-populated{margin:0px 0px 0px 0px;--e-column-margin-right:0px;--e-column-margin-left:0px;}}@media(min-width:768px){.elementor-260 .elementor-element.elementor-element-1aeef184{width:43.214%;}.elementor-260 .elementor-element.elementor-element-3e136eca{width:56.742%;}.elementor-260 .elementor-element.elementor-element-5b5b0a92{width:46.652%;}.elementor-260 .elementor-element.elementor-element-7117338e{width:53.304%;}}@media(max-width:1024px) and (min-width:768px){.elementor-260 .elementor-element.elementor-element-1aeef184{width:100%;}.elementor-260 .elementor-element.elementor-element-3e136eca{width:100%;}.elementor-260 .elementor-element.elementor-element-5b5b0a92{width:100%;}.elementor-260 .elementor-element.elementor-element-7117338e{width:100%;}}<\/style>\t\t<div data-elementor-type=\"wp-page\" data-elementor-id=\"260\" class=\"elementor elementor-260\">\n\t\t\t\t\t\t<section class=\"elementor-section elementor-top-section elementor-element elementor-element-54140d2d elementor-section-boxed elementor-section-height-default elementor-section-height-default\" data-id=\"54140d2d\" data-element_type=\"section\" data-settings=\"{&quot;background_background&quot;:&quot;classic&quot;,&quot;ekit_has_onepagescroll_dot&quot;:&quot;yes&quot;}\">\n\t\t\t\t\t\t\t<div class=\"elementor-background-overlay\"><\/div>\n\t\t\t\t\t\t\t<div class=\"elementor-container elementor-column-gap-default\">\n\t\t\t\t\t<div class=\"elementor-column elementor-col-100 elementor-top-column elementor-element elementor-element-4fbee7b3\" data-id=\"4fbee7b3\" data-element_type=\"column\">\n\t\t\t<div class=\"elementor-widget-wrap elementor-element-populated\">\n\t\t\t\t\t\t<div class=\"elementor-element elementor-element-4983594e elementor-widget elementor-widget-heading\" data-id=\"4983594e\" data-element_type=\"widget\" data-settings=\"{&quot;ekit_we_effect_on&quot;:&quot;none&quot;}\" data-widget_type=\"heading.default\">\n\t\t\t\t<div class=\"elementor-widget-container\">\n\t\t\t\t\t<h2 class=\"elementor-heading-title elementor-size-default\">Captura de im\u00e1genes de intensidad<\/h2>\t\t\t\t<\/div>\n\t\t\t\t<\/div>\n\t\t\t\t<div class=\"elementor-element elementor-element-4b52f5c elementor-icon-list--layout-inline elementor-align-center elementor-list-item-link-full_width elementor-widget elementor-widget-icon-list\" data-id=\"4b52f5c\" data-element_type=\"widget\" data-settings=\"{&quot;ekit_we_effect_on&quot;:&quot;none&quot;}\" data-widget_type=\"icon-list.default\">\n\t\t\t\t<div class=\"elementor-widget-container\">\n\t\t\t\t\t\t\t<ul class=\"elementor-icon-list-items elementor-inline-items\">\n\t\t\t\t\t\t\t<li class=\"elementor-icon-list-item elementor-inline-item\">\n\t\t\t\t\t\t\t\t\t\t<span class=\"elementor-icon-list-text\">Home<\/span>\n\t\t\t\t\t\t\t\t\t<\/li>\n\t\t\t\t\t\t\t\t<li class=\"elementor-icon-list-item elementor-inline-item\">\n\t\t\t\t\t\t\t\t\t\t\t<span class=\"elementor-icon-list-icon\">\n\t\t\t\t\t\t\t<i aria-hidden=\"true\" class=\"fas fa-chevron-right\"><\/i>\t\t\t\t\t\t<\/span>\n\t\t\t\t\t\t\t\t\t\t<span class=\"elementor-icon-list-text\">Servicios<\/span>\n\t\t\t\t\t\t\t\t\t<\/li>\n\t\t\t\t\t\t<\/ul>\n\t\t\t\t\t\t<\/div>\n\t\t\t\t<\/div>\n\t\t\t\t\t<\/div>\n\t\t<\/div>\n\t\t\t\t\t<\/div>\n\t\t<\/section>\n\t\t\t\t<section class=\"elementor-section elementor-top-section elementor-element elementor-element-1c86ac4a elementor-section-boxed elementor-section-height-default elementor-section-height-default\" data-id=\"1c86ac4a\" data-element_type=\"section\" data-settings=\"{&quot;ekit_has_onepagescroll_dot&quot;:&quot;yes&quot;}\">\n\t\t\t\t\t\t<div class=\"elementor-container elementor-column-gap-default\">\n\t\t\t\t\t<div class=\"elementor-column elementor-col-100 elementor-top-column elementor-element elementor-element-30ff37a5\" data-id=\"30ff37a5\" data-element_type=\"column\">\n\t\t\t<div class=\"elementor-widget-wrap elementor-element-populated\">\n\t\t\t\t\t\t<section class=\"elementor-section elementor-inner-section elementor-element elementor-element-60f090e0 elementor-section-content-middle elementor-section-boxed elementor-section-height-default elementor-section-height-default\" data-id=\"60f090e0\" data-element_type=\"section\" data-settings=\"{&quot;ekit_has_onepagescroll_dot&quot;:&quot;yes&quot;}\">\n\t\t\t\t\t\t<div class=\"elementor-container elementor-column-gap-no\">\n\t\t\t\t\t<div class=\"elementor-column elementor-col-50 elementor-inner-column elementor-element elementor-element-1aeef184\" data-id=\"1aeef184\" data-element_type=\"column\">\n\t\t\t<div class=\"elementor-widget-wrap elementor-element-populated\">\n\t\t\t\t\t\t<div class=\"elementor-element elementor-element-243d5bd elementor-widget elementor-widget-image\" data-id=\"243d5bd\" data-element_type=\"widget\" data-settings=\"{&quot;ekit_we_effect_on&quot;:&quot;none&quot;}\" data-widget_type=\"image.default\">\n\t\t\t\t<div class=\"elementor-widget-container\">\n\t\t\t\t\t\t\t\t\t\t\t\t\t\t\t<img fetchpriority=\"high\" decoding=\"async\" width=\"791\" height=\"1024\" src=\"https:\/\/batimetria.com.co\/wp-content\/uploads\/2022\/03\/55-791x1024.jpg\" class=\"attachment-large size-large wp-image-411\" alt=\"\" srcset=\"https:\/\/batimetria.com.co\/wp-content\/uploads\/2022\/03\/55-791x1024.jpg 791w, https:\/\/batimetria.com.co\/wp-content\/uploads\/2022\/03\/55-232x300.jpg 232w, https:\/\/batimetria.com.co\/wp-content\/uploads\/2022\/03\/55-768x994.jpg 768w, https:\/\/batimetria.com.co\/wp-content\/uploads\/2022\/03\/55-1187x1536.jpg 1187w, https:\/\/batimetria.com.co\/wp-content\/uploads\/2022\/03\/55-1583x2048.jpg 1583w, https:\/\/batimetria.com.co\/wp-content\/uploads\/2022\/03\/55-scaled.jpg 1978w\" sizes=\"(max-width: 791px) 100vw, 791px\" \/>\t\t\t\t\t\t\t\t\t\t\t\t\t\t\t<\/div>\n\t\t\t\t<\/div>\n\t\t\t\t<div class=\"elementor-element elementor-element-724f5eb elementor-widget elementor-widget-text-editor\" data-id=\"724f5eb\" data-element_type=\"widget\" data-settings=\"{&quot;ekit_we_effect_on&quot;:&quot;none&quot;}\" data-widget_type=\"text-editor.default\">\n\t\t\t\t<div class=\"elementor-widget-container\">\n\t\t\t\t\t\t\t\t\t<p>Captura de im\u00e1genes de intensidad<\/p>\t\t\t\t\t\t\t\t<\/div>\n\t\t\t\t<\/div>\n\t\t\t\t\t<\/div>\n\t\t<\/div>\n\t\t\t\t<div class=\"elementor-column elementor-col-50 elementor-inner-column elementor-element elementor-element-3e136eca\" data-id=\"3e136eca\" data-element_type=\"column\">\n\t\t\t<div class=\"elementor-widget-wrap elementor-element-populated\">\n\t\t\t\t\t\t<div class=\"elementor-element elementor-element-3b00e1a4 elementor-widget elementor-widget-heading\" data-id=\"3b00e1a4\" data-element_type=\"widget\" data-settings=\"{&quot;ekit_we_effect_on&quot;:&quot;none&quot;}\" data-widget_type=\"heading.default\">\n\t\t\t\t<div class=\"elementor-widget-container\">\n\t\t\t\t\t<h3 class=\"elementor-heading-title elementor-size-default\">Captura de im\u00e1genes de intensidad<\/h3>\t\t\t\t<\/div>\n\t\t\t\t<\/div>\n\t\t\t\t<div class=\"elementor-element elementor-element-12b2c535 elementor-widget elementor-widget-text-editor\" data-id=\"12b2c535\" data-element_type=\"widget\" data-settings=\"{&quot;ekit_we_effect_on&quot;:&quot;none&quot;}\" data-widget_type=\"text-editor.default\">\n\t\t\t\t<div class=\"elementor-widget-container\">\n\t\t\t\t\t\t\t\t\t<p>Los sensores Lidar pueden capturar la intensidad de cada pulso retornado. El valor de intensidad es la medida de la fuerza de retorno del pulso l\u00e1ser emitido, basado en la reflectividad del objeto alcanzado por el pulso l\u00e1ser.<\/p><p>Los valores de intensidad pueden ser utilizados para crear im\u00e1genes con apariencia de fotograf\u00edas a\u00e9reas pancrom\u00e1ticas en blanco y negro. Estas im\u00e1genes proporcionan informaci\u00f3n visual adicional y sirven de ayuda en la clasificaci\u00f3n de puntos LIDAR, as\u00ed como en la detecci\u00f3n y extracci\u00f3n de elementos cartogr\u00e1ficos y como sustituto de im\u00e1genes a\u00e9reas, cuando por diferentes razones no exista otra imagen disponible.<\/p>\t\t\t\t\t\t\t\t<\/div>\n\t\t\t\t<\/div>\n\t\t\t\t\t<\/div>\n\t\t<\/div>\n\t\t\t\t\t<\/div>\n\t\t<\/section>\n\t\t\t\t<section class=\"elementor-section elementor-inner-section elementor-element elementor-element-1ff55173 elementor-section-content-middle elementor-reverse-tablet elementor-reverse-mobile elementor-section-boxed elementor-section-height-default elementor-section-height-default\" data-id=\"1ff55173\" data-element_type=\"section\" data-settings=\"{&quot;ekit_has_onepagescroll_dot&quot;:&quot;yes&quot;}\">\n\t\t\t\t\t\t<div class=\"elementor-container elementor-column-gap-no\">\n\t\t\t\t\t<div class=\"elementor-column elementor-col-50 elementor-inner-column elementor-element elementor-element-5b5b0a92\" data-id=\"5b5b0a92\" data-element_type=\"column\">\n\t\t\t<div class=\"elementor-widget-wrap elementor-element-populated\">\n\t\t\t\t\t\t<div class=\"elementor-element elementor-element-496f0b03 elementor-widget elementor-widget-text-editor\" data-id=\"496f0b03\" data-element_type=\"widget\" data-settings=\"{&quot;ekit_we_effect_on&quot;:&quot;none&quot;}\" data-widget_type=\"text-editor.default\">\n\t\t\t\t<div class=\"elementor-widget-container\">\n\t\t\t\t\t\t\t\t\t<p>La informaci\u00f3n Lidar capturada puede ser utilizada como una soluci\u00f3n independiente o combinada con otras fuentes de informaci\u00f3n geogr\u00e1fica complementaria tales como ortofotos, im\u00e1genes multiespectrales e im\u00e1genes pancrom\u00e1ticas o infrarrojas. Adicionalmente, es posible combinar datos Lidar con datos SIG y otros tipos de informaci\u00f3n para generar productos complejos como mapas geomorfol\u00f3gicos, perfiles de modelos 3D, movimiento de tierras, representaciones de estructuras y muchos otros productos de alto valor agregado.<\/p>\t\t\t\t\t\t\t\t<\/div>\n\t\t\t\t<\/div>\n\t\t\t\t\t<\/div>\n\t\t<\/div>\n\t\t\t\t<div class=\"elementor-column elementor-col-50 elementor-inner-column elementor-element elementor-element-7117338e\" data-id=\"7117338e\" data-element_type=\"column\">\n\t\t\t<div class=\"elementor-widget-wrap elementor-element-populated\">\n\t\t\t\t\t\t<div class=\"elementor-element elementor-element-16c1c02 elementor-widget elementor-widget-image\" data-id=\"16c1c02\" data-element_type=\"widget\" data-settings=\"{&quot;ekit_we_effect_on&quot;:&quot;none&quot;}\" data-widget_type=\"image.default\">\n\t\t\t\t<div class=\"elementor-widget-container\">\n\t\t\t\t\t\t\t\t\t\t\t\t\t\t\t<img decoding=\"async\" width=\"1024\" height=\"683\" src=\"https:\/\/batimetria.com.co\/wp-content\/uploads\/2022\/03\/56-1024x683.jpg\" class=\"attachment-large size-large wp-image-412\" alt=\"\" srcset=\"https:\/\/batimetria.com.co\/wp-content\/uploads\/2022\/03\/56-1024x683.jpg 1024w, https:\/\/batimetria.com.co\/wp-content\/uploads\/2022\/03\/56-300x200.jpg 300w, https:\/\/batimetria.com.co\/wp-content\/uploads\/2022\/03\/56-768x512.jpg 768w, https:\/\/batimetria.com.co\/wp-content\/uploads\/2022\/03\/56-1536x1024.jpg 1536w, https:\/\/batimetria.com.co\/wp-content\/uploads\/2022\/03\/56-2048x1365.jpg 2048w\" sizes=\"(max-width: 1024px) 100vw, 1024px\" \/>\t\t\t\t\t\t\t\t\t\t\t\t\t\t\t<\/div>\n\t\t\t\t<\/div>\n\t\t\t\t<div class=\"elementor-element elementor-element-bb82844 elementor-widget elementor-widget-text-editor\" data-id=\"bb82844\" data-element_type=\"widget\" data-settings=\"{&quot;ekit_we_effect_on&quot;:&quot;none&quot;}\" data-widget_type=\"text-editor.default\">\n\t\t\t\t<div class=\"elementor-widget-container\">\n\t\t\t\t\t\t\t\t\t<p>Ortofoto.<\/p>\t\t\t\t\t\t\t\t<\/div>\n\t\t\t\t<\/div>\n\t\t\t\t\t<\/div>\n\t\t<\/div>\n\t\t\t\t\t<\/div>\n\t\t<\/section>\n\t\t\t\t\t<\/div>\n\t\t<\/div>\n\t\t\t\t\t<\/div>\n\t\t<\/section>\n\t\t\t\t<\/div>\n\t\t","protected":false},"excerpt":{"rendered":"<p>Captura de im\u00e1genes de intensidad Home Servicios Captura de im\u00e1genes de intensidad Captura de im\u00e1genes de intensidad Los sensores Lidar pueden capturar la intensidad de cada pulso retornado. El valor de intensidad es la medida de la fuerza de retorno del pulso l\u00e1ser emitido, basado en la reflectividad del objeto alcanzado por el pulso l\u00e1ser. [&hellip;]<\/p>\n","protected":false},"author":1,"featured_media":0,"parent":0,"menu_order":0,"comment_status":"closed","ping_status":"closed","template":"elementor_header_footer","meta":{"site-sidebar-layout":"no-sidebar","site-content-layout":"page-builder","ast-site-content-layout":"default","site-content-style":"default","site-sidebar-style":"default","ast-global-header-display":"","ast-banner-title-visibility":"","ast-main-header-display":"","ast-hfb-above-header-display":"","ast-hfb-below-header-display":"","ast-hfb-mobile-header-display":"","site-post-title":"disabled","ast-breadcrumbs-content":"","ast-featured-img":"disabled","footer-sml-layout":"","theme-transparent-header-meta":"","adv-header-id-meta":"","stick-header-meta":"","header-above-stick-meta":"","header-main-stick-meta":"","header-below-stick-meta":"","astra-migrate-meta-layouts":"default","ast-page-background-enabled":"default","ast-page-background-meta":{"desktop":{"background-color":"var(--ast-global-color-4)","background-image":"","background-repeat":"repeat","background-position":"center center","background-size":"auto","background-attachment":"scroll","background-type":"","background-media":"","overlay-type":"","overlay-color":"","overlay-opacity":"","overlay-gradient":""},"tablet":{"background-color":"","background-image":"","background-repeat":"repeat","background-position":"center center","background-size":"auto","background-attachment":"scroll","background-type":"","background-media":"","overlay-type":"","overlay-color":"","overlay-opacity":"","overlay-gradient":""},"mobile":{"background-color":"","background-image":"","background-repeat":"repeat","background-position":"center center","background-size":"auto","background-attachment":"scroll","background-type":"","background-media":"","overlay-type":"","overlay-color":"","overlay-opacity":"","overlay-gradient":""}},"ast-content-background-meta":{"desktop":{"background-color":"var(--ast-global-color-5)","background-image":"","background-repeat":"repeat","background-position":"center center","background-size":"auto","background-attachment":"scroll","background-type":"","background-media":"","overlay-type":"","overlay-color":"","overlay-opacity":"","overlay-gradient":""},"tablet":{"background-color":"var(--ast-global-color-5)","background-image":"","background-repeat":"repeat","background-position":"center center","background-size":"auto","background-attachment":"scroll","background-type":"","background-media":"","overlay-type":"","overlay-color":"","overlay-opacity":"","overlay-gradient":""},"mobile":{"background-color":"var(--ast-global-color-5)","background-image":"","background-repeat":"repeat","background-position":"center center","background-size":"auto","background-attachment":"scroll","background-type":"","background-media":"","overlay-type":"","overlay-color":"","overlay-opacity":"","overlay-gradient":""}},"footnotes":""},"class_list":["post-260","page","type-page","status-publish","hentry"],"_links":{"self":[{"href":"https:\/\/batimetria.com.co\/index.php\/wp-json\/wp\/v2\/pages\/260","targetHints":{"allow":["GET"]}}],"collection":[{"href":"https:\/\/batimetria.com.co\/index.php\/wp-json\/wp\/v2\/pages"}],"about":[{"href":"https:\/\/batimetria.com.co\/index.php\/wp-json\/wp\/v2\/types\/page"}],"author":[{"embeddable":true,"href":"https:\/\/batimetria.com.co\/index.php\/wp-json\/wp\/v2\/users\/1"}],"replies":[{"embeddable":true,"href":"https:\/\/batimetria.com.co\/index.php\/wp-json\/wp\/v2\/comments?post=260"}],"version-history":[{"count":19,"href":"https:\/\/batimetria.com.co\/index.php\/wp-json\/wp\/v2\/pages\/260\/revisions"}],"predecessor-version":[{"id":1132,"href":"https:\/\/batimetria.com.co\/index.php\/wp-json\/wp\/v2\/pages\/260\/revisions\/1132"}],"wp:attachment":[{"href":"https:\/\/batimetria.com.co\/index.php\/wp-json\/wp\/v2\/media?parent=260"}],"curies":[{"name":"wp","href":"https:\/\/api.w.org\/{rel}","templated":true}]}}